
Is 4 a factor of 1577928?
True
Is 9 a factor of 10437223?
False
Is 14956912 a multiple of 158?
True
Does 5 divide 1674703114?
False
Is 6 a factor of 874315?
False
Does 84 divide 391493424?
True
Does 11404 divide 1223021980?
True
Is 7709 a factor of 437547062?
False
Is 959 a factor of 3536110277?
False
Does 1476 divide 44482561?
False
Is 121 a factor of 1477047?
True
Is 405818350 a multiple of 1325?
True
Is 300 a factor of 24021788?
False
Does 3 divide 104306647?
False
Is 39 a factor of 81425253?
True
Does 236 divide 62963384?
True
Is 2595 a factor of 1446440025?
True
Does 31 divide 177429864?
True
Does 119 divide 112293848?
False
Is 170829552 a multiple of 717?
True
Is 651 a factor of 135163224?
True
Is 16223252 a multiple of 157?
False
Is 81 a factor of 395711892?
True
Is 1268 a factor of 476679240?
True
Is 647039560 a multiple of 307?
False
Is 13858908 a multiple of 21?
True
Is 716634642 a multiple of 922?
True
Does 87 divide 35984070?
True
Is 52 a factor of 83873816?
True
Is 180 a factor of 535291834?
False
Does 371 divide 963346?
False
Does 3544 divide 59957392?
True
Is 1243876344 a multiple of 862?
True
Is 113769018 a multiple of 1299?
True
Is 103 a factor of 42093731?
True
Is 5 a factor of 9533175?
True
Is 240 a factor of 70173482?
False
Is 1275 a factor of 28489029?
False
Is 54269808 a multiple of 7?
False
Is 810734439 a multiple of 8?
False
Is 221 a factor of 4418232?
True
Does 103 divide 35230296?
False
Does 42 divide 15629208?
True
Is 1935918 even?
True
Is 43559208 a multiple of 5238?
True
Is 29 a factor of 397274074?
True
Is 77117643 a multiple of 2399?
False
Is 7786 a factor of 3127108784?
False
Does 9429 divide 4518354499?
False
Is 13 a factor of 313329965?
True
Does 76 divide 30275360?
True
Is 3800 a factor of 89189800?
True
Is 16855201 a multiple of 169?
False
Is 35 a factor of 382427080?
True
Does 326 divide 53278180?
True
Is 133429461 a multiple of 1749?
True
Is 1161905 a multiple of 11?
False
Is 219 a factor of 6769077?
False
Does 561 divide 329548671?
False
Is 2104328188 a multiple of 3764?
True
Is 817482680 a multiple of 487?
False
Is 134171913 a multiple of 46?
False
Does 1423 divide 318453170?
True
Is 13399672 a multiple of 143?
True
Does 3 divide 717457773?
True
Is 5 a factor of 4275235?
True
Is 257 a factor of 1610980860?
False
Does 833 divide 155905642?
False
Does 297 divide 8417190?
False
Does 10 divide 16656084?
False
Does 2 divide 5123286?
True
Is 293743 a multiple of 51?
False
Is 812 a factor of 83649804?
True
Does 18 divide 907833600?
True
Is 2675 a factor of 1768977500?
True
Is 2044 a factor of 840126924?
True
Is 16610544 a multiple of 61?
True
Is 524135188 a multiple of 1060?
False
Is 1274 a factor of 1583318369?
False
Is 21 a factor of 28836276?
True
Does 117 divide 7440849?
True
Is 292 a factor of 136626800?
True
Is 48892503 a multiple of 759?
True
Is 70407441 a multiple of 184?
False
Does 319 divide 129334370?
False
Is 943889 a multiple of 5?
False
Is 23 a factor of 38372050?
True
Is 3590 a factor of 389662190?
True
Is 1610126676 a multiple of 270?
False
Does 337 divide 8673803?
False
Is 2907214 a multiple of 15?
False
Is 2149 a factor of 521652558?
True
Does 15 divide 1397333641?
False
Is 7 a factor of 33751059?
False
Is 13234897 a multiple of 8?
False
Is 2285 a factor of 36141845?
True
Does 3 divide 7390425?
True
Does 234 divide 2305213?
False
Is 6 a factor of 285897547?
False
Does 497 divide 122889711?
True
Is 52 a factor of 1414228987?
False
Does 21 divide 5903406?
False
Is 37257024 a multiple of 16?
True
Does 75 divide 1214920050?
True
Is 28722340 a multiple of 716?
True
Does 148 divide 82308128?
True
Does 535 divide 1213428838?
False
Is 15 a factor of 377179605?
True
Is 1091 a factor of 3234815?
True
Is 33761759 a multiple of 8?
False
Is 129799062 a multiple of 6?
True
Is 222177424 a multiple of 161?
True
Is 100 a factor of 212155764?
False
Is 11 a factor of 99166216?
False
Is 358 a factor of 114924203?
False
Is 299060956 a multiple of 2124?
False
Is 219193487 a multiple of 85?
False
Is 4724894391 a multiple of 21?
True
Is 467 a factor of 52531896?
True
Is 40270002 a multiple of 3?
True
Is 36465120 a multiple of 1835?
True
Does 1145 divide 10262635?
True
Is 2263074 a multiple of 561?
True
Does 6 divide 14873802?
True
Is 1663 a factor of 725427208?
True
Is 997 a factor of 28947074?
False
Is 154599019 a multiple of 8?
False
Does 2945 divide 75601386?
False
Is 668586060 a multiple of 19?
True
Is 300280404 a multiple of 212?
True
Is 2913116168 a multiple of 358?
True
Does 537 divide 13188241?
False
Is 869297007 a multiple of 4208?
False
Does 114 divide 6330758513?
False
Is 3723726 a multiple of 8?
False
Is 18879254 a multiple of 1033?
False
Is 304102210 a multiple of 226?
True
Is 9 a factor of 16192094?
False
Does 5 divide 14143825?
True
Is 54037235 a multiple of 665?
True
Is 11431876 a multiple of 11?
False
Is 10 a factor of 1616334?
False
Does 90 divide 927457255?
False
Is 3153 a factor of 47279235?
True
Is 64 a factor of 121061824?
True
Does 262 divide 11137502?
False
Is 2625 a factor of 141660452?
False
Does 7 divide 1806832722?
False
Is 363 a factor of 23252276?
False
Is 32389199 a multiple of 2182?
False
Is 34903000 a multiple of 418?
True
Is 34 a factor of 2196706?
True
Is 145 a factor of 65440718?
False
Is 2 a factor of 316385?
False
Does 211 divide 84633041?
False
Is 1857 a factor of 1010337446?
False
Is 6973674 a multiple of 308?
False
Is 11813 a factor of 5385050554?
True
Does 6 divide 7702014?
True
Is 11865947 a multiple of 257?
True
Does 1863 divide 13497435?
True
Does 89 divide 415022915?
False
Is 1425067932 a multiple of 2991?
True
Is 332415424 a multiple of 22?
True
Does 12242 divide 2229806848?
True
Is 148166491 a multiple of 21?
False
Is 72707932 a multiple of 2955?
False
Does 178 divide 237802838?
True
Does 13 divide 564577508?
False
Does 6 divide 22502941?
False
Is 38 a factor of 73498004?
True
Is 55 a factor of 455190010?
True
Does 3794 divide 297827515?
False
Does 49 divide 107679656?
True
Does 559 divide 1784547047?
False
Is 786399821 a multiple of 1702?
False
Does 1611 divide 5650846704?
True
Does 950 divide 6197004850?
True
Is 1195640684 a multiple of 8?
False
Does 687 divide 64725179?
False
Does 52 divide 409211192?
True
Is 351 a factor of 72905402?
False
Does 107 divide 221051593?
False
Is 193045039 a multiple of 11?
True
Is 31858268 a multiple of 26?
True
Is 876061374 a multiple of 51?
True
Is 98923099 a multiple of 546?
False
Is 83194617 a multiple of 11?
True
Is 19 a factor of 6809106?
True
Does 10 divide 30530920?
True
Does 10 divide 368009?
False
Is 37705647 a multiple of 147?
True
Is 152 a factor of 168596512?
False
Does 352 divide 1876512?
True
Is 248369478 a multiple of 1773?
False
Does 2519 divide 1062999953?
False
Does 287 divide 78415862?
True
Is 25734480 a multiple of 41?
False
Is 17 a factor of 2054102129?
True
Does 415 divide 40340075?
True
Does 222 divide 8549227091?
False
Is 935 a factor of 6914325?
True
Does 34 divide 34545090?
False
Is 39423672 a multiple of 996?
True
Is 14225196 a multiple of 246?
True
Does 17 divide 27008132?
False
Is 8 a factor of 371867160?
True
Is 4276713 a multiple of 7?
True
Is 258 a factor of 216249924?
True
Is 1297 a factor of 77206519?
True
Is 18907057 a multiple of 1937?
True
Does 2219 divide 10337563?
False
Does 321 divide 24329839?
False
Is 35 a factor of 981973263?
False
Is 496 a factor of 306790384?
True
Is 6806 a factor of 2428656003?
False
Does 482 divide 17413550?
False
Does 311 divide 674692419?
True
Does 360 divide 14798155?
False
Does 23 divide 118880077?
True
Is 112585978 a multiple of 401?
False
Is 40 a factor of 6510343?
False
Is 119158626 a multiple of 3358?
False
Is 14 a factor of 29226792?
True
Is 1903358229 a multiple of 13?
False
Is 493 a factor of 44194732?
False
Does 42 divide 2736216?
True
Does 149 divide 7764212?
False
Is 146364900 a multiple of 935?
True
Is 2902 a factor of 40532234?
True
Is 226882538 a multiple of 178?
True
Does 1270 divide 711267310?
True
Is 53793425 a multiple of 751?
False
Is 633537 a multiple of 3?
True
Does 671 divide 143597973?
False
Is 53670051 a multiple of 2447?
True
Does 5567 divide 1951428345?
True
Is 608951449 a multiple of 2513?
False
Is 62 a factor of 12084544?
True
Is 698404